 s(29).
3, 23, 503
Let q(b) = 17*b**3 - b**2 + 29*b - 84. List the prime factors of q(7).
3, 7, 281
Let s be 387/81 - (11/(-9) - -1). Suppose -s*g + 7 = 2*d, 3*d - 6 + 24 = 2*g. List the prime factors of 21 - (-4)/(d/(-1)).
2, 11
Let d be ((-1)/(-3))/((-2)/(-390)). Let j be d - (-3 - -5 - 0/(-2)). Suppose -364 = -7*m + j. List the prime factors of m.
61
Suppose -5*k + 4*z = -372, 3 + 6 = -3*z. Let v = 76 - k. Suppose v*p = 5*o - 917, 7*o = 3*o - p + 721. What are the prime factors of o?
181
What are the prime factors of -29992*((-39)/(-4) + -10)?
2, 23, 163
Let g be -11 + (-8)/(-16)*-10. List the prime factors of 193 + (g/32)/((-3)/(-24)).
3, 7
Let g(k) = -22*k + 40. Let a be 1/(-2)*(-61 + 61). What are the prime factors of g(a)?
2, 5
Suppose -5*w + 91448 = -p, -3*w + 3*p = -12493 - 42359. List the prime factors of w.
3, 7, 13, 67
Let a(m) = 6*m**3 + 3*m**2 + 8*m. Let b be a(5). Let k(l) = 720*l**3 - l. Let t be k(1). Suppose -11*u + b = -t. What are the prime factors of u?
2, 3
Let m(o) = -21*o - 7. Let x(w) = 3*w**2 - 20*w - 2. Let v be x(7). Let s be m(v). Let n = -27 - s. List the prime factors of n.
5, 17
Let r be -3 + 2 + (-3 - -1). Let b be -4 + (-5 + r)/(-1). Suppose -7 = -c - 0*c - 5*w, b*c = 2*w + 50. What are the prime factors of c?
2, 3
Let z be -3 + (-2)/(-3)*(-15)/5. Let k be 5*((-21)/15 - -2). Let t = k - z. What are the prime factors of t?
2
Let c(a) = 34*a**3 + 8*a**2 - 102*a + 358. List the prime factors of c(4).
2, 7, 23
Suppose -2911*c + 2897*c + 98 = 0. Let n = -19 + 43. Suppose m + c = n. List the prime factors of m.
17
Let z be (312/15)/8 + (-3)/5. Let i(f) = f**3 - f**2. Let x be i(2). Suppose z*v = 4*l + 94, -v = x*v + 2*l - 247. What are the prime factors of v?
7
Let r = 9247 - 396. List the prime factors of r.
53, 167
Suppose 0 = 8*k - 249 - 215. Let l = k - -203. What are the prime factors of l?
3, 29
Let h = -73533 + 134063. What are the prime factors of h?
2, 5, 6053
Suppose -11*l + 2184 = -8*l. List the prime factors of (-36)/(-90) + -2 + l/5.
2, 3
Suppose 4*g = -5*q - 4326, q + 152 = 5*g - 719. Let z = q - -1448. List the prime factors of z.
2, 3, 97
Suppose 0 = 2*c - 5*k + 3*k + 2824, 5660 = -4*c + k. Let h = -794 - c. What are the prime factors of h?
2, 311
Let i = -21028 - -33968. What are the prime factors of i?
2, 5, 647
Let z = -54 + 54. Suppose -3*d + 2*d + 30 = 3*l, z = 3*l. List the prime factors of 4362/d + -3 + 6/10.
11, 13
Suppose z - 5*j = 26, 6*z + 2*j = 2*z + 104. Suppose -3*p - z = -257. What are the prime factors of p?
7, 11
Let g(b) = b**3 + 7*b**2 + b - 13. Suppose 77 = -7*y + 28. Let x be g(y). List the prime factors of (978/(-18))/(-2 - x/12).
163
Suppose 210*o + 6 = 213*o. Suppose -3*g = -2*g - o*h - 1613, g + 3*h - 1633 = 0. What are the prime factors of g?
1621
Let x = -39924 + 62662. What are the prime factors of x?
2, 11369
Suppose 0 = -3*q + 5*v - 3*v + 1, 5 = -5*q + 5*v. Suppose n = -q*c + 892, 4*c - 1101 - 3315 = -5*n. List the prime factors of n.
2, 5, 11
Let k(b) = -145*b + 22. Let z(u) = -433*u + 66. Let l(p) = 8*k(p) - 3*z(p). List the prime factors of l(2).
2
Suppose -9*s + 5*s + 3*t + 290954 = 0, -2*t - 218217 = -3*s. List the prime factors of s.
11, 17, 389
Let u(p) = -p**2 + 5*p + 8. Let c be u(5). Let l be 1/1 + 16*(-12)/c. List the prime factors of 5 + l/5 - 413/(-5).
83
Suppose 0 = -4*o + 14 + 14. Let p(f) = -2*f + f**2 + 7*f - 2*f**2 + 18*f + o. What are the prime factors of p(16)?
7, 17
Suppose 0 = -2*k - m + 28, 2*k - 2*m = -3*k + 79. Suppose -k*i + 10*i = -30. What are the prime factors of i?
2, 3
Suppose 4*v + 281*t - 280*t - 130355 = 0, -v + 3*t = -32605. List the prime factors of v.
2, 5, 3259
Let d(i) = -237*i**2 - i. Let h be d(-1). Let f be 6 - 11 - (500/4 - -5). Let t = f - h. What are the prime factors of t?
101
Let q(h) = -h**3 - h**2 - 2*h - 17. Suppose f - 10*f = 0. Let u be q(f). What are the prime factors of u/(-85) - ((-689)/5 + -2)?
2, 5, 7
Let o(z) = -z**3 + 24*z + 5. Let n be o(-5). Let g(w) = w**3 + w**2 - 7*w - 17. List the prime factors of g(n).
1013
Let s(l) = l**2 + 9*l - 7. Let j be s(-10). Suppose -z + 2*r - 13 = -4*z, -j*z + 5 = -2*r. Suppose -987 = -z*t - 4*t. What are the prime factors of t?
3, 47
Let z be 6/4*6 - 5. Suppose 4*w - 57 = -3*r, 2*r + 77 = z*w + w. List the prime factors of w.
3, 5
Let j = 61 - 653. Let r be j/72 + (-4)/(-18). Let z = r + 74. List the prime factors of z.
2, 3, 11
Let p(t) = 131*t**3 + 2*t**2 - 4*t + 2. Let x(q) = 3*q + 15. Let y be x(-7). Let a = y + 7. List the prime factors of p(a).
131
Let a(b) = b**3 + 10*b**2 - 14*b - 8. Let p = 45 - 57. Let w be a(p). Let o = w + 216. What are the prime factors of o?
2, 11
Suppose -11 = -c + 16. Suppose -5*z + c = 3*p, 7*p = 4*p + 2*z + 6. List the prime factors of (p - 3)/((-1)/(-76)).
2, 19
Let u(v) = 2700*v - 74. List the prime factors of u(9).
2, 12113
Let a = 29 - 27. Let v be 2 - ((-2 - a) + 4). List the prime factors of (-2)/4*(v + -250).
2, 31
What are the prime factors of (2205/(-28))/(-15)*3/(36/12016)?
7, 751
Let q be 0 + (-3)/(-6)*4. Suppose 0 = -9*k - q*k + 27060. What are the prime factors of 6/(-21) + k/35?
2, 5, 7
List the prime factors of 18948/14*14406/441.
2, 7, 1579
Suppose -5*k + 7*t - 8*t + 74 = 0, -47 = -3*k + 2*t. Suppose 2*b - b = k. What are the prime factors of b?
3, 5
Let z(l) = -6*l**2 - 57*l - 1. Let y(p) = 2*p**2 + 19*p. Let h(n) = -17*y(n) - 6*z(n). What are the prime factors of h(-12)?
2, 3, 11
Let i(x) = 28*x**2 - 4*x - 18. Let t be i(-3). Suppose -4*a + 526 = t. List the prime factors of a.
2, 5, 7
Let w(x) = 6 - 16 - 63*x + 131 - 34 + 87. What are the prime factors of w(-19)?
3, 457
Suppose -4*a = 3*k - 65557, -38053 = -3*a + 2*k + 11085. List the prime factors of a.
2
Suppose -4*h + 8585 = -16647. What are the prime factors of h?
2, 19, 83
Suppose 4*o - 10 = 10. Suppose -o*w + 2*m = -331, 4*m - 103 - 39 = -2*w. Suppose -123 = -2*b + w. List the prime factors of b.
5, 19
Suppose 9*t - 43 = 191. Suppose 3*n - 28 = -4*r, -4*n + t + 10 = 5*r. List the prime factors of n/(-3) - 3228/(-18).
2, 89
Suppose 198 + 342 = 4*x. Suppose 6*f = 4*p + 2*f + 476, -p = -5*f + x. List the prime factors of 3/(-3)*(p + 0).
5, 23
Let j = -55 + 114. Let u = 60 - j. List the prime factors of 42/u + -1 + 2/(-2).
2, 5
Let o = -355 - -1836. What are the prime factors of o?
1481
Let i(x) = 2*x + 1. Let u(f) = 107*f + 133. Let l(o) = -i(o) + u(o). What are the prime factors of l(8)?
2, 3
Let j(p) = 2*p**2 + 6*p**2 - 4*p + p**3 - 3*p**2 + 5 - 3*p**2. List the prime factors of j(2).
13
Suppose 225*v + 140*v - 10202620 = 6305965. List the prime factors of v.
31, 1459
Let v = -9034 + 18437. What are the prime factors of v?
9403
Suppose -2*k = 5*a - 668, 2*k + 4*a - 664 = -0*a. Let w = k - 88. What are the prime factors of w?
2, 59
Let n(x) = 36*x - 23. Let v be n(7). Suppose 6*h = -1679 - v. Let u = -178 - h. What are the prime factors of u?
2, 5, 7
Let l be 3 + ((-2 - -2)/(-4) - -1). Suppose -l = 2*n - 34. Let g(y) = y**3 - 15*y**2 + 12*y - 17. What are the prime factors of g(n)?
163
Suppose 20*k - 78*k - 48*k = -867292. What are the prime factors of k?
2, 4091
Suppose 0 = -15*i + 57 + 33. List the prime factors of (i + -12)/(4/(-314)).
3, 157
Let q be (-8)/(-10)*11/(88/20). Suppose 2*d - 9 = 2*i - 59, -5*i - q*d = -146. What are the prime factors of i?
2, 7
Let i be -30 + (-20)/(-5) - 2. Let j(c) = 3*c**2 + 64*c - 57. What are the prime factors of j(i)?
503
Let i(r) = 431*r**3 + 37*r**2 - 63*r + 259. What are the prime factors of i(5)?
2, 3, 2281
Let q = -95 + 134. Suppose s + q = 13. Let j = s - -131. List the prime factors of j.
3, 5, 7
Let q be 6/9 - (-649)/3. Suppose 0*w + 2465 = 17*w. Let h = q - w. List the prime factors of h.
2, 3
Suppose 0 = 2*s - 33820 + 12870. List the prime factors of s.
5, 419
Let a(j) = 291*j + 21181. List the prime factors of a(0).
59, 359
Let k be 2 + (2/8)/((-3)/(-36)). Suppose k*a - 2545 = 2945. List the prime factors of a.
2, 3, 61
Let v(r) = 2*r**2 + 9*r - 7. Let s(p) = -9*p. Let i be s(1). What are the prime factors of v(i)?
2, 37
Let i(k) = 12345*k**3 + k**2 - 11*k + 7. What are the prime factors of i(1)?
2, 3, 11, 17
Let h(u) = -14*u**2 - 8*u + 11. Let r be h(-6). Let w = -9 - r. Suppose -w - 139 = -5*p. What are the prime fa